12)?
-13
Calculate 1 + 10 - ((-20 - 16) + 40).
7
What is the value of 12 - 3 - ((-1 - -2) + 145 + -156)?
19
4 - (-5 - -4 - 2) - 2
5
What is the value of 16 + -19 - 6 - -23?
14
Calculate 11 + 17 - (21 - 4).
11
Calculate (-2 - 7 - -14) + 0.
5
What is the value of 41 - ((30 - 19) + 12)?
18
Calculate -11 - ((-3 - 26) + (-9 - 5)).
32
Calculate -1 + 18 + (0 - 0) + 53 + -60.
10
-16 - (-12 - (-22 + 45))
19
Calculate (-15 - 5) + 46 + -48.
-22
-1 + 37 + (205 - 217)
24
What is -3 + (-1 + -12 - -9 - -1)?
-6
Calculate -1 + (15 - 1) + -1 + (371 - 423).
-40
What is 7 + 10 + -21 + 15?
11
(-1 - -1) + (-1 - 4) + (-11 - -4)
-12
Evaluate 31 - (27 + (-3 - 2)).
9
Evaluate (5 - 1) + 297 + -290.
11
-12 + (-3 - (4 + 1 + -8) - 2)
-14
36 + (-23 - 0) + (-2 - 0) + -1
10
-34 - (-12 + (4 - 2)) - 5
-29
Evaluate (-6 - (2 - ((-3 - -3) + 3))) + -1.
-6
Calculate (-1 - (-23 - 0)) + (-9 - -7) + 8.
28
Evaluate -32 + -4 + -28 + 68.
4
Evaluate (9 - (7 - (-7 - 2))) + 23.
16
21 + -27 + -24 + 18
-12
Calculate 4 + -1 - (40 + -47).
10
Evaluate -22 + 19 + (0 - -7) + -12 - 2.
-10
Calculate 4 + (-25 - 1 - -17).
-5
(2 - 9) + (-3 + 0 - (72 - 89))
7
Calculate (29 - 14) + -27 - (-8 - -2).
-6
(-11 - (-37 - -20)) + (0 - -5)
11
(2 - (1 - -1)) + -7 + 10 + -12
-9
Calculate -16 - (-5 - (-5 - (10 + -7)) - 8).
-11
What is -3 + (-12 + -5 - (-54 - -51))?
-17
What is the value of 1 + 15 + (16 - 25 - -14) - 6?
15
(-6 - (-19 - -13)) + (-1 - 12)
-13
What is (17 + -22 - (-6 + 3)) + -2?
-4
Calculate 982 - 1020 - (-18 - -1).
-21
What is the value of -11 - 2 - (-6 + -1)?
-6
What is the value of 5 - (-2 + 3) - (327 - 340)?
17
(-51 - -35 - (-12 + 2)) + (18 - 0)
12
5 - 0 - ((44 - 15) + -32)
8
Evaluate 35 - (-24 + 53) - (-22 + 2).
26
What is 13 - ((-13 - -66) + -13)?
-27
Evaluate 11 - (((2 - 1) + 5 - 16) + 1).
20
Calculate -17 + 2 + (-11 - -11) + -6.
-21
Calculate (10 + -36 - 8) + 7 - 3 - -9.
-21
Evaluate 29 - 54 - (-11 + (2 - 5)).
-11
Calculate -2 + 4 - 4 - (-26 - (53 + -87)).
-10
What is 8 - (16 - (2 + 0 + -4))?
-10
Calculate (-1 - 2 - (45 - 71)) + -9.
14
Calculate 5 + (-13 - -12 - -10).
14
Calculate -1 + -16 + 9 + 36.
28
What is the value of (23 + -7 - 9) + 5 + -5 + -1?
6
-26 + 18 + (-7 - -5) + -10
-20
-13 + (12 - 21 - (-2 - -8))
-28
Evaluate (3 - 1 - (16 - 7)) + -4 + 9.
-2
Calculate -1 + 4 - (15 + (-28 - 14) + 1).
29
Evaluate -6 - (9 - (-17 - -6 - -32) - -8).
-2
What is -6 + -2 + -11 + 10?
-9
-12 - ((-4 - 3) + -4 - -17)
-18
7 + (-17 - (-15 - -21 - (0 + 11)))
-5
What is the value of -17 + (3 - -13 - -10)?
9
What is -20 + (-1 - (2 + (-2 - 11) - -5))?
-15
What is the value of 1 + 6 + (-1 - -8) + -10 + 2?
6
-16 + 14 - (2 - 5) - (0 + 14)
-13
What is -2 + 8 + 13 + -12?
7
Evaluate -30 - (46 - 29 - 35).
-12
Evaluate -20 + (-39 - -4) + 29.
-26
Calculate (-1 - -32) + (29 - 66).
-6
Evaluate -92 - -126 - (-1 + 3 + 3 - -5).
24
Evaluate (41 + -42 - (-4 - -3)) + 16.
16
What is the value of (55 - 65 - (2 - 5) - -5) + 5?
3
Evaluate (15 - 11) + -6 - (1 + -7).
4
What is -9 - (14 + (-13 - 14))?
4
Evaluate -4 + 16 + (-7 - (4 - (8 - 2))).
7
What is the value of (3 - 2) + 21 + 17 + -19 - 8?
12
What is the value of 7 - 0 - (167 + -162)?
2
(25 + -11 - 5) + -19
-10
(2048 - 2068) + (9 - (1 + (-2 - -3)))
-13
Calculate 3 + 2 + -19 - (143 - 133).
-24
Calculate (14 + -28 - -36) + -13.
9
-3 + (12 - 26 - -6)
-11
Calculate -20 + (2 + -6 - (-14 + 1)).
-11
What is (3 - -8 - 7) + 1 + -4 + 22?
23
What is the value of 41 - 27 - (-1 + 14)?
1
Evaluate -25 + 23 + (20 - 2) + -4.
12
What is 13 + 1 + (-10 - (11 + -7)) + 9?
9
What is the value of 10 + (-54 - -61 - (-2 - -2 - -3))?
14
Calculate 2 + -5 + (0 - (6 - 5)).
-4
What is the value of 8 - (-3 - (9 + -17)) - 12?
-9
1 + (-6 - -13 - 2) - 34
-28
What is 13 + -2 + 2 - (21 - -19)?
-27
What is 26 - (-17 - (-8 - 26))?
9
What is -30 + 8 + -6 + -6 + 9 + 3?
-22
1 + 3 + 8 + (1 - -4) + -36
-19
What is the value of 79 + (-39 - 29) + -16 + 0?
-5
What is the value of 56 + (4 - 46) + -13 + 0?
1
What is the value of 0 - (0 - (1 - -9))?
10
Calculate 1 - (3 - (8 - 17 - 3)).
-14
-8 - -3 - 12 - (-70 + 59)
-6
What is -2 - (5 - (-8 + (10 - -7)))?
2
Calculate 10 + -33 + 11 - -9.
-3
Evaluate -8 + 5 - ((7 + -4 - 3) + 3).
-6
What is the value of 12 - (1 + (7 - (5 - 8)))?
1
What is the value of (-2 - 7) + (-30 - -54)?
15
Evaluate 35 + (-23 - 26) - (1 - -1 - 6).
-10
3 - 0 - (-6 + (-3 - -2))
10
What is -267 - -233 - (2 + -15)?
-21
Evaluate 2 - (4 - (-28 - -28)).
-2
What is the value of -2 - (-7 + 12 + -2) - 1 - -1?
-5
Calculate 5 + 2 + 437 + -461.
-17
-18 + 8 + (-35 - (-30 + 15))
-30
(0 - 1) + 58 + -62
-5
-105 + 88 + 6 + 0 - 1
-12
What is -21 + 26 - (-2 + -1) - (-5 + 4)?
9
What is the value of (-11 - -22 - 13) + -12?
-14
What is 28 + 14 + -15 + -18?
9
Calculate -1 + 13 + -8 + 3 + 7 + -7.
7
What is (9 - (7 + 11) - -8) + 2?
1
Evaluate (12 - (15 + 16)) + 14 + 25.
20
What is (3 - -2) + 0 + (43 - 47) + 21?
22
What is -25 + 48 + -6 + -4 + 0 + 4?
17
Calculate -2 + -8 + 14 - (-14 - (1 + 2)).
21
What is (1 - 4) + (-139 - -126) - 1?
-17
What is -3 + 2 - ((2 - (-3 + -1)) + -3)?
-4
-17 + (21 - (-19 - -20))
3
Calculate (5 + -7 - -8) + 5.
11
What is the value of 149 + -142 - (-5 + -2)?
14
Evaluate 52 + (7 - 12) - (-17 - (-48 + 20)).
36
What is -54 + 45 - -21 - (-1 - -6)?
7
-10 - 1 - (-60 - (-10 + -52))
-13
Calculate -5 - -15 - (-22 + 26).
6
Calculate 8 - 12 - -10 - (-3 + -3).
12
Calculate (-2 - -12) + 1 + 135 + -161.
-15
Calculate -80 + 88 + -1 + 2 + (6 - 3).
12
(4 - (3 + 5 + (0 - 5))) + 0
1
Calculate -3 + 5 + (-5 - (2 - 1)) + 6.
2
Evaluate 15 + -2 - (2 + 13 + -14 + -5).
17
What is the value of (29 + -2 - 22) + (-1 - (-2 - 0))?
6
What is the value of 63 + -113 - (-16 + 2 - -4)?
-40
Calculate 3 + -6 - (3 + 0) - (25 - 20).
-11
Calculate 12 + (-11 - (-13 - 0) - 7).
7
(14 - 8) + 6 + (-3 - -9) + -5
13
Evaluate 2 - -18 - (23 + 13 + -29).
13
What is (-12 - -15) + (4 - (0 + -4)) + -10?
1
Evaluate (-4 - -1) + -8 + 1 + (126 - 117).
-1
Evaluate 0 + -8 + (-49 - -57) + 8 + -32.
-24
What is 11 + (-1 - 0) + -38 + 43 - 5?
10
What is 0 + -1 + 0 + (3 - -25 - 22)?
5
1 - (5 - (16 - (7 + (-3 - -1))))
7
Evaluate -10 + (6 - 2) - (-25 - 7 - -11).
15
Calculate (-1 - 5) + (0 - -7) + (0 - -2).
3
Calculate 76 + -76 - (-17 - -3).
14
0 + -14 + -2 + 4 + 51 + -47
-8
-6 + (22 - 23) + (1 - -36) + -4
26
What is -3 + (-4 + 1 - 3 - 17)?
-26
-2 + ((4 - 5) + -2 + 0 - -9)
4
Calculate 0 + -22 - (22 + -18 + -6 + 0).
-20
(-32 - (2 - 35)) + 1 + 1 + 1
4
Calculate 11 + -4 + -7 - -17.
17
What is the value of 19 - 11 - -1 - (15 - 18)?
12
What is the value of -1 + 4 + (5 - 10 - -6)?
4
Evaluate 6 - (-11 - -14) - 1.
2
19 - 16 - (1 + (4 - 4))
2
What is the value of -1 + -1 + 9 + -39 + 24 + 30?
22
What is -8 + 2 - ((-5 - 3) + 11 + -5)?
-4
What is the value of (-11 - -1) + 13 - (-5 + -6)?
14
Evaluate (-30 - (-5 - 17)) + 23.
15
5 + 2 + -9 + -10 + 7 - 2
-7
Calculate 108 + -159 - (9 + -26).
-34
Evaluate (15 - -12) + -25 - (-17 + -2 + 5).
16
What is the value of (-12 - 3) + (-14 - (-35 + 26))?
-20
(-4 + -5 + -4 - -8) + 4 + 10
9
What is the value of 35 + (10 - 22) + -10?
13
Calculate (-1 - (3 - 5 - (-21 - -29))) + -16.
-7
Evaluate (13 - (3 + 13)) + 10.
7
Evaluate (-2 - (-5 - -1)) + (-19 - -13) + -17.
-21
What is the value of (-2 - -5 - (-6 - -29 - 20)) + -38?
-38
What is -10 - (7 + -19 - 1) - (2 - 7)?
8
Calculate (10 - (4 + 0)) + 2 - (6 - 15).
17
Evaluate (-10 + 10 - 18) + 5.
-13
What is the value of -1 + (-6 - -5) + -10 - -4?
-8
Evaluate 0 + -8 - (-12 + -5) - 38 - -9.
-20
What is the value of -1 - -4 - (-6 + 16) - (2 - -5)?
-14
Calculate (-4 + 14 - 4) + -20 + 0 - -9.
-5
What is the value of (-3 - -2) + 1 + (15 - (-14 - -41))?
-12
Calculate (-31 - -30) + 10 + 2.
11
What is -10 + -19 + 9 + 26 - -10?
16
What is the value of 31 + -10 + -8 + 8 + 1 + 4?
26
Evaluate (-1 - -3) + (-49 + 37 - (-1 + -4)).
-5
(4 - 5 - 8) + (-2 - -9) + -7
-9
(45 - (13 + 2 - (1 - -3))) + -5
29
(19 - 20) + -6 - 8
-15
What is the value of 21 + 2 - 10 - 35?
-22
Calculate -3 + (-2 - (-12 - -9)) + 4.
2
Evaluate -2 + (-2 - (5 - (13 - 8))).
-4
What is -14 - (-10 - -8 - 0)?
-12
22 + (11 - 19 - 6) + -18
-10
What is 1218 - 1159 - (32 - 0)?
27
What is 4 + 0 + -57 + 57 + -3?
1
2 + (10 + 0 - (268 - 287))
31
What is -5 + (13 - -6) + 6?
20
Calculate 2 - -10 - ((-135 - -128) + (16 - 2)).
5
Evaluate 26 - (31 - (30 - -5)).
30
Calculate 17 - (-27 